y) = -11*b(y) + 6*l(y). Calculate v(3).
0
Let n = -3 - -3. Suppose -5*h - 3 - 7 = n. Let q(v) be the second derivative of v**3/6 + v**2 - 5*v. Determine q(h).
0
Suppose -4*l + 15 = r, -5 = -3*r - 4*l - 0*l. Let z = r - -7. Let w(x) = z*x - 9 - 7*x**2 + 8*x - 3*x + x**3. What is w(6)?
-3
Suppose -2*q + 7*q - 5 = 5*u, 5*u + 3*q = 19. Let m(j) = 3*j**2 - 3*j + 2. Give m(u).
8
Let l(b) = -b**2 - b + 2. Let i(k) = k**2 + 7*k - 3. Let m be i(-7). What is l(m)?
-4
Let k(z) be the second derivative of -z**4/12 + 5*z**3/6 - 2*z**2 - 8*z. Calculate k(3).
2
Let i be ((-35)/(-25) + 0)*5. Let n(m) = m**2 - 5*m - 10. What is n(i)?
4
Let r(k) = k**2 + 4*k + 3. Let d be r(-2). Let s be d - 5/((-15)/12). Let c(u) = 2*u**2 - 4*u + 3. Determine c(s).
9
Let j(l) = -8*l**3 + 8*l**2 - 1. Let z(h) = -7*h**3 + 7*h**2. Suppose -12 = -6*s + 4*s. Let p(x) = s*j(x) - 7*z(x). Let w(k) = -k + 1. Let b be w(1). Give p(b).
-6
Let c(g) = 3*g**2 - 9*g + 1. Let j be (4/(-7))/(5/(-35)). Let i(y) = -y**2 + y - 1. Let o(m) = j*i(m) + c(m). Determine o(-3).
3
Let o(q) be the third derivative of 7*q**5/60 + q**4/24 + 2*q**2. What is o(-1)?
6
Let f(i) = -i**3 - 5*i**2 + 1. Let q be (6/(-9))/(2/18). Let z be (-2 + 3/q)*2. Determine f(z).
1
Let x be (-1)/(-3)*-4*-3. Let s = x + 3. Let q(v) = -v**2 - v + 2*v**2 + 8 - s*v. Determine q(6).
-4
Suppose 4*i = 7 + 13. Suppose 4 = -i*f + 9*f. Let p(a) = 2*a**3 - a**2 + 4*a - 4. Let z(d) = d - 1. Let x(k) = -p(k) + 5*z(k). Give x(f).
-1
Let j(v) = v**2 - 7*v + 1. Suppose 0*d - 4 = -d. Suppose -m + 25 = d*m. Determine j(m).
-9
Let i be (-8)/6*(-9)/6. Let f(v) = 2*v**2 + 2 - 4*v - i*v - v**2. Let m = -5 + 10. Determine f(m).
-3
Let o(x) = -x**3 + x**2 + x + 1. Let v(f) = 2*f**3 - 7*f**2 + 2*f + 4. Let t(b) = 3*o(b) + v(b). What is t(-5)?
7
Let b(l) be the third derivative of 0 - 1/6*l**3 + 0*l + l**2 + 1/12*l**4. Calculate b(3).
5
Suppose -5*g + 8 = -17. Suppose 2*y + 4 = 5*y + 4*r, g*y + 12 = -2*r. Let h(f) = -f + 5. Let t(l) = -3*l + 11. Let v(i) = 7*h(i) - 3*t(i). Give v(y).
-6
Suppose 0*s = -s. Let n(r) = -r + 0 + s - 3*r. Calculate n(1).
-4
Let m be 91/(-35) - (-2)/(-5). Let t(f) = -f**2 - 5*f - 5. Let o be t(m). Let x(b) be the second derivative of 3*b**5/10 - b**4/12 + b**3/6 + 3*b. What is x(o)?
6
Suppose -4*s + 12 = 2*f, -4*s + 20 = -4*f + 8*f. Let n(v) = 3*v + 1. Let l(c) = c. Let t(a) = -3*l(a) - n(a). Determine t(s).
-7
Let t(i) = i**2 - i - 1. Let n(w) = -3*w**2 - 4*w + 11. Let z(q) = -q**2 + q. Let b(l) = n(l) + 2*z(l). Let r(a) = b(a) + 6*t(a). What is r(5)?
-10
Let x(k) be the third derivative of -1/12*k**5 - k**2 + 1/4*k**4 + 1/120*k**6 + 0*k + 0 - 1/3*k**3. Determine x(4).
6
Let t(x) = -x - 4. Let k(c) = c**3 + 8*c**2 + 6*c + 8. Let m be k(-7). Let n(r) = r - m - r + 2*r - 6*r. Let z(q) = 2*n(q) - 9*t(q). Determine z(-5).
1
Let x(q) = 14*q**3 + 24*q**2 + 4. Let r(w) = 5*w**3 + 8*w**2 + 1. Let h(y) = -11*r(y) + 4*x(y). Give h(-8).
5
Let a(y) = -y**3 + 3*y**2 + 6*y - 2. Let h = -9 - -19. Let x be (4/(-12))/((-2)/18). Suppose -5*t - x*s + 8 = s, -t + 2*s + h = 0. Give a(t).
6
Let z(p) = 2*p**3 + 2*p. Let s be z(2). Let x be (4/8)/((-2)/s). Let y(o) = -o - 1. Let f(v) = 5*v + 6. Let n(q) = f(q) + 6*y(q). Give n(x).
5
Let j(s) = -1 - s**2 + s + 0*s**2 - 1 + 5. Calculate j(-3).
-9
Let x(b) be the first derivative of -b**3/3 - 2*b**2 + b - 12. Suppose -5 - 7 = -3*s. Suppose -12 = 5*q - s*y, -y = 2*q + 3 + 7. What is x(q)?
1
Let q(r) = 13*r**2 + 16*r - 11. Let h(s) = -4*s**2 - 5*s + 3. Let n(v) = 7*h(v) + 2*q(v). Give n(-4).
-21
Let x(m) = -m**2 + 7*m - 4. Let o = -13 - -3. Let g be (-15)/o - (-18)/4. What is x(g)?
2
Suppose -34 = -5*v - 9. Let a(n) = -n**2 + 5*n - 6. Give a(v).
-6
Let u = -7 + 4. Let f(j) be the second derivative of -j**5/20 - 5*j**4/12 - j**3/2 - 2*j**2 - j. Give f(u).
-13
Let u(b) be the first derivative of -b**3/3 - 2*b**2 + 3. Calculate u(-5).
-5
Let d be (-4)/(-6)*(8 + 1). Let y = 7 - 3. Let k = d - y. Let l(r) = -r**3 + 6*r**2 - 2*r - 2. Give l(k).
10
Let f(z) = -z**2 + 4*z - 2. Let m(o) = -2*o + 2. Let u be m(-3). Suppose 6 = 2*t, 0*y - 3*y - 3*t = -48. Let x = y - u. Determine f(x).
-7
Let z(u) = u**2 + 5*u + 4. Let k be (-1)/((1/(-2))/((-45)/18)). Determine z(k).
4
Let w(g) = -4*g + 2*g - 1 - 2*g. Let m(i) = -i**2 - 6*i + 6. Let k be m(-7). What is w(k)?
3
Let t(s) = -52*s + 0*s**3 - 5*s**2 + 58*s - s**3 + 5. What is t(-6)?
5
Let x = 17 - 9. Suppose 0 = 7*h - 3*h + x. Let r(v) = -5*v - 3. Calculate r(h).
7
Suppose 7*a - 3*a - 12 = 0. Suppose -4*o + x = 28 - 6, 4*o = -a*x - 14. Let t(s) = s**2 + 6*s + 4. What is t(o)?
-1
Suppose 0 = -3*d - 1 + 10. Let g(j) = 4*j**2 + 0*j**2 - d*j**2 + j**2 + j. Give g(-2).
6
Let l = -11 + -16. Let h = 39 + l. Let m(d) = h - 12 + 2*d. What is m(-2)?
-4
Let j(b) = b**3 + b**2 - b + 2. Let d be (-1)/((4 + -1)/6). What is j(d)?
0
Let c = -103 + 105. Let j(d) be the third derivative of 0*d + 1/6*d**3 - d**c + 1/30*d**5 - 1/24*d**4 + 0. Give j(2).
7
Let k(b) = b**2 - 7*b - 7. Let r be (-1 - (6 + -3)) + 11. What is k(r)?
-7
Let w(s) = s**3 + s**2 + 2*s + 1. Suppose 7*a = 2*a - 5. Let o be (0 - a)/1 + -2. Determine w(o).
-1
Let w be 1/(-3)*(-4 + 1). Suppose 3*j + 14 = -4*z, 0*z + 3*z = -15. Let v(d) = 1 + 3*d**j + 0*d**2 - 3*d**3 - d**2 + 12*d**3 - 2*d. What is v(w)?
10
Let v(o) = o - 6. Let t(i) = -i + 5. Let s(y) = -4*t(y) - 3*v(y). Let h(w) = w - 1. Let l be h(5). Suppose -5 = -l*z + p, 3*p = 2*p - 5. Give s(z).
-2
Let x(m) = m**2 - 3*m - 6. Let b(i) = 5 - i + 4*i - 2*i - 3. Let w = -1 - -4. Let y be b(w). Give x(y).
4
Let m(z) = -z + 1. Let j be m(-2). Let r(i) = -3 - 7*i**2 + j + 1. What is r(-1)?
-6
Let k(j) = -j**2 + 6*j + 4. Let m be k(6). Let t(x) = 2*x - 1. Determine t(m).
7
Let d(j) = j**2 - 6*j + 4. Let z = 51 - 47. Calculate d(z).
-4
Let h(f) = -9*f**3 + 2*f**2 + 2*f + 1. Let x(c) = -18*c**3 + 4*c**2 + 5*c + 3. Let u(z) = -5*h(z) + 2*x(z). Suppose 3*j - 2 = j. Calculate u(j).
8
Let u(n) = -n**2 + 7*n - 4. Let o(b) = 4*b**2 + 2*b + 1. Let a be o(-1). What is u(a)?
8
Let b be (-3)/(-2)*(-50)/(-15). Let p(l) = 2*l + 1. Give p(b).
11
Let m(t) = -5*t - 5*t + 0 + t**3 + 5*t - 4*t**2 - 4. Let g be 4/6*45/6. Give m(g).
-4
Let i(l) = 20 - 2*l**2 + 4*l**3 + l**2 + l - 21 + 2*l**2. Calculate i(1).
5
Let a(x) = 3*x**3 - 4*x**2 + x + 2. Let w(u) = u**2 + 1. Let h be w(1). What is a(h)?
12
Let z(j) = 1. Let w(h) = -h + 1. Let b(q) = w(q) - 5*z(q). Calculate b(-5).
1
Let j(w) = w. Suppose -3*r + 2 + 4 = 0. Suppose -3*p = 2*p - 10. Suppose p*z = 4*m + 14, z = r*z - 5*m - 13. Calculate j(z).
3
Let n(y) = -2*y + 4*y - 4*y + 4*y. What is n(5)?
10
Let u(r) = r + 2. Let w be u(-4). Let p be (1/3)/(w/(-6)). Let n = -1 + p. Let q(h) = h - 10. What is q(n)?
-10
Let x(g) = g**3 - g. Suppose -8 = 5*k - 3. Give x(k).
0
Suppose -49 = -4*h - 3*h. Let q(w) = -w**3 + 6*w**2 + 9*w - 1. Calculate q(h).
13
Suppose 0*y - 5*y = -5. Let r = y - -3. Let o(v) be the third derivative of -v**5/60 + v**4/6 - 2*v**3/3 - 8*v**2. Give o(r).
-4
Let r be ((-16)/(-48))/((-2)/(-54)). Suppose -5*x + 3*q + 24 = 0, 0 = -x + 2*x - 2*q - r. Let d(c) = -6*c + c + 3 + 0*c**2 + c**2. Give d(x).
-3
Let p = -2 + 4. Suppose 4*l - 25 = -9. Suppose -p*i - 12 = 4*s, 2*s = -0*s + l*i - 16. Let n(o) = -o - 2. Calculate n(s).
2
Let s(o) = -o**2 + 2. Let g be (2/(-2))/1 + 1. Suppose g = 6*w - 2*w - 12. What is s(w)?
-7
Suppose 0 = -82*f + 79*f + 3. Let n(p) = -7*p + 1. Calculate n(f).
-6
Let r(n) = -n - 1. Let l be r(-1). Let a(v) = v + l*v + 0 + 4. Let p be (-1)/(((-8)/(-2))/20). What is a(p)?
-1
Let h(z) = 3*z**2 + 3*z**2 - z - 7*z**3 + 7*z**3 - z**3 + 6. Calculate h(6).
0
Let d(x) be the third derivative of -x**6/120 + x**5/30 + x**4/8 + x**3/6 - x**2. Let q = 107 - 104. What is d(q)?
1
Let q = 1 + -9. Let z be q/28 + 16/7. Suppose 0*s - z*s = 0. Let u(j) = -j - 4. What is u(s)?
-4
Let b = 24 + -29. Let o(r) = -r**2 - 5*r - 4. Give o(b).
-4
Let l(m) = m**2 - 5*m - 8. Let s(f) = -f + 3. Let q be s(-4). What is l(q)?
6
Let k(a) be the third derivative of a**6/120 - a**5/20 + a**3/6 + 2*a**2. Suppose -5*h - 5 = 4*r, -5*h - 3*r = -0*h. What is k(h)?
1
Let w(v) = 2*v + 10. Let a(u) = -9*u - 2*u - 2*u + u**2 + 15. Let g be a(11). Let o be w(g). Let f(q) = q + 2. Calculate f(o).
-2
Let l(x) = -x - 2*x**3 - 2*x**3 - 4*x + 1 + 7*x**2 + 2*x